s the remainder when u is divided by 11?
9
Let b(v) = 4*v**2 - 19*v - 6. Let q(s) = -5*s**2 + 20*s + 7. Let f(j) = 4*b(j) + 3*q(j). What is the remainder when 27 is divided by f(17)?
13
Suppose -10 = -4*b + 2*w, 0*b - 4*b + w + 13 = 0. Calculate the remainder when 58 is divided by b.
2
Let c(l) = l**3 - 2*l**2 - 11*l + 5. Let g = 19 + -14. Suppose 0 = h - 5*k - 39, -4*k - 12 = 2*h - 118. What is the remainder when h is divided by c(g)?
24
Suppose -b - 5*o - 247 = -334, -4*o + 300 = 4*b. What is the remainder when 221 is divided by b?
5
Calculate the remainder when -1 + (22 - 4)*5 is divided by 18.
17
Let k(n) = -n**3 - 5*n**2 - 5*n - 15. What is the remainder when 96 is divided by k(-6)?
45
Let i = 14 - 1. Let g(j) be the second derivative of 2*j**3/3 - 24*j**2 - 21*j. What is the remainder when i is divided by g(14)?
5
Let q(w) = -3*w + 16. Let z be q(5). Calculate the remainder when 19 is divided by (-6)/18*(-39)/z.
6
Suppose -m + 10 - 6 = 0. Suppose m*q - 2*g - 247 = 83, -4*q + g = -327. Suppose 0 = -3*k + 33 + 30. What is the remainder when q is divided by k?
18
Let r = -7345 - -4743. What is the remainder when r/(-12) - 3/(-18)*1 is divided by 44?
41
Let y(u) = 24*u + 4. Suppose 8*x - 1357 + 317 = 0. Suppose -6*a = -a - x. What is the remainder when y(3) is divided by a?
24
Suppose 5*l - 5*b = -b + 781, -3*b + 600 = 4*l. What is the remainder when l is divided by 32?
25
Suppose -762 = -7*b + 120. What is the remainder when b is divided by 28?
14
Let f = -2344 - -2361. Let a be 1/(1*(-1)/(-2)). Let i(q) = -q**2 + 6*q - 3. What is the remainder when f is divided by i(a)?
2
Calculate the remainder when 154 is divided by 4*9/(-72) + 252/8.
30
Suppose -5*v = -2*c + 90, -5*c - 3*v = -4*v - 179. What is the remainder when 135 is divided by c?
30
Let h = -3 - -21. What is the remainder when 676/13 + (3 - 2 - 2) is divided by h?
15
What is the remainder when 110 is divided by ((-119)/(49/(-7)))/1?
8
Let r = 2 + -1. Let j be 1/(r/6) - -2. Suppose -j = -2*h + 2. What is the remainder when 17 is divided by h?
2
Let v(h) = -29*h**2 + 3*h + 2. Let c be v(4). Let p = -31 - -28. What is the remainder when 29 is divided by ((-2)/p)/((-20)/c)?
14
Let s = 227 + -217. Suppose -24 = -2*a - s. Let h = -16 - -26. Calculate the remainder when h is divided by a.
3
Let k(r) = -9*r + 4. Let q be (22/6 - 4)*-9. Suppose 2*f + q*f = -2*i + 68, -2*i = 2*f - 26. What is the remainder when k(-4) is divided by f?
12
Suppose -55 = -x - 57. Let q(z) = -2*z. What is the remainder when (-1)/x*(25 + -7 + 8) is divided by q(-4)?
5
Let t(o) = -10*o - 9. Calculate the remainder when (-5)/(20/(-236)) + 2 is divided by t(-3).
19
Suppose 9*x = -x + 370. Calculate the remainder when 173 is divided by x.
25
Suppose 0 = c - 1 - 2. Suppose -2*t - 5 = -c*t + z, -4*t = 3*z + 1. Suppose 3*l + 0 = n + 10, 4*n - 12 = -l. Calculate the remainder when t is divided by n.
0
Let s = -84 - -87. Suppose -s*z + 13*z = 110. What is the remainder when z is divided by 2?
1
Let f = 12 - 9. Suppose 2*w - 6 = -4*m, 19 = -f*m + 5*w + 4. Suppose m = -2*s - 115 + 335. Calculate the remainder when s is divided by 28.
26
Let g(v) = -2*v**3 - 45*v**2 + 42*v + 9. What is the remainder when g(-24) is divided by 61?
58
Let x(h) = 9 + 3*h + 4 - 21 - 21. What is the remainder when 12 is divided by x(12)?
5
Let t = -50 - -88. Let o = -28 + t. Calculate the remainder when 57 is divided by o.
7
Let p = 168 - 49. Let l = -60 + p. What is the remainder when l is divided by 31?
28
Suppose -2*o + 1768 = 4*k, 3*o - 2648 = -2*k - 2*k. Calculate the remainder when o is divided by 14.
12
Let m = 33 - 31. Suppose 15 = m*b - b. Calculate the remainder when 59 is divided by b.
14
Let j = -830 - -872. Suppose 0 = -2*u - 5*v + 37, 2*u + v + 31 = 4*u. Calculate the remainder when j is divided by u.
10
Let x(c) = 11*c - 12. Calculate the remainder when 448 is divided by x(7).
58
Let n be ((-1)/2)/(-2 - (-860)/432). Let x = n + -28. Let m = -14 + 23. Calculate the remainder when x is divided by m.
8
Let k = -5611 - -5640. Suppose 5*f = 4*n - 0*n + 5, -3*n - 4*f = -35. Calculate the remainder when 2/(-5) - (-432)/n is divided by k.
28
Let b = -626 + 635. What is the remainder when b is divided by (12/(-15))/(2/(-10))?
1
Suppose 0*t - 29*t = -7279. Calculate the remainder when t is divided by 65.
56
Calculate the remainder when 110/(-2 - -3) - (-10)/(-2) is divided by 10.
5
Let c(g) = 2*g**3 + 3*g**2 - 4*g - 4. Calculate the remainder when c(3) is divided by 14.
9
Let c = -12 + 21. Let x(i) be the first derivative of -i**4/4 - 7*i**3/3 - 5*i**2/2 - 9*i + 2. Calculate the remainder when x(-7) is divided by c.
8
Suppose -4*a + 36 = 92. Calculate the remainder when (-44)/7*a/4 is divided by 6.
4
What is the remainder when (558/135*5)/((-2)/(-9)) is divided by 4?
1
Let h = 218 + -41. Let b(t) = t**3 - t**2 - 55*t + 25. Calculate the remainder when h is divided by b(-7).
15
Suppose -3*w + 206 = 56. Suppose -2*p - 70 + 25 = -3*u, 59 = 5*u + 2*p. What is the remainder when w is divided by u?
11
Let t = -9 - -98. What is the remainder when 444 is divided by t?
88
Let w = -89 - -75. Let a(h) = h**2 + 13*h + 12. What is the remainder when 41 is divided by a(w)?
15
Suppose 87*n - 92*n + 130 = 0. Calculate the remainder when 154 is divided by n.
24
Let n(t) = -t**3 - 8*t**2 - 4*t - 13. Suppose 0 = -5*m - 57 + 12. What is the remainder when n(m) is divided by 27?
23
Suppose t + 7 = 3. What is the remainder when 4/40*t + 227/5 is divided by 16?
13
What is the remainder when 3*3*635/45 is divided by 32?
31
Let s(z) be the third derivative of 13*z**5/5 + z**4/8 - z**3/6 + 13*z**2 - 2*z. Calculate the remainder when s(1) is divided by 23.
20
Let m(v) = 2*v**2 + 9*v + 234. Calculate the remainder when m(-15) is divided by 4.
1
Suppose a + 2 = 7. Suppose -6 = -5*s + 29. Suppose s = -2*o + a*y + 22, -2*y + 12 = o. Calculate the remainder when 29 is divided by o.
9
Let y = 11 - 1. Let f(u) = 2*u**2 - 11*u - 59. Calculate the remainder when y is divided by f(9).
2
Calculate the remainder when 220 is divided by (2*(-140)/(-50))/((-2)/(-25)).
10
Suppose 7*w = 396 + 381. Calculate the remainder when 550 is divided by w.
106
Let s(m) = 9 + 1 - 9 + 6 + m. Let u = -3 + 0. What is the remainder when 10 is divided by s(u)?
2
Let r(b) = -b**2 - 7*b + 4. Let t be r(-7). Suppose 36 - 12 = t*u. What is the remainder when 3/1 + (u - -13) is divided by 12?
10
Let c(p) = -3*p + 3. What is the remainder when (-207)/(-6) + ((-1)/(-2) - 0) is divided by c(-3)?
11
Suppose -3*y + 963 = -501. Calculate the remainder when y is divided by 17.
12
Suppose -18*m + 59*m = -5*m + 644. What is the remainder when 2/((-8)/18)*-6 is divided by m?
13
Suppose 4*s - 310 = 238. Calculate the remainder when s is divided by 44.
5
Let m(i) = -4*i**3 - i - 1. Suppose -2 = 4*j - 2*j. Calculate the remainder when m(j) is divided by 2.
0
Suppose -3*t + 93 = p, 4*t - p - 51 = 66. Let k(i) = -i**3 + 12*i**2 + 2*i - 16. Let j be (36/16)/((-3)/(-16)). What is the remainder when t is divided by k(j)?
6
Let o be 1/(74/18 + (-1 - 3)). Suppose -596 + 1793 = o*r. What is the remainder when r is divided by 27?
25
Let k = 10 + -2. Suppose 6*d = k + 16. Suppose d*j - 17 = 251. What is the remainder when j is divided by 17?
16
Suppose 0 = 11*j - 27 - 72. What is the remainder when 54 is divided by j?
0
Suppose 175 - 219 = -4*u. What is the remainder when 73 is divided by u?
7
Let h(o) = 5*o + 62. Let k be h(-10). Suppose 2*c + 0 = k. What is the remainder when 23 is divided by c?
5
Let y = 298 + -155. Suppose -y = -x - 10*x. What is the remainder when x is divided by 11?
2
Let o = -32 - -34. Suppose -o*w = 2*b - 104, 0 = -w - 3*b + 2 + 52. Calculate the remainder when w is divided by 9.
6
Suppose 612*t - 22 = 611*t. What is the remainder when 258 is divided by t?
16
Let j(r) = 4*r**3 + 2*r**2 - r + 2. Let h be j(-2). Let k = h - -26. Suppose k*i = 4*i + 64. What is the remainder when i is divided by 11?
10
Let g = -9704 - -9718. Calculate the remainder when 34 - (-1*1 + 0) is divided by g.
7
Let n = 36 - 2. Suppose 61 = 5*b - n. Calculate the remainder when 34 is divided by b.
15
Let c = 7196 + -7180. Suppose -d - 2*d = -27. What is the remainder when c is divided by d?
7
Let b(i) = -40*i + 1. Let s(n) = -3*